{"id":903,"date":"2025-08-19T15:09:01","date_gmt":"2025-08-19T13:09:01","guid":{"rendered":"https:\/\/umc74.com\/?page_id=903"},"modified":"2025-08-19T15:30:26","modified_gmt":"2025-08-19T13:30:26","slug":"retour-en-images","status":"publish","type":"page","link":"https:\/\/umc74.com\/index.php\/projets\/umc-festival-orchestra-2025\/village-musical\/retour-en-images\/","title":{"rendered":"Retour en images"},"content":{"rendered":"\n<p>Retour en images sur le Village musical et le concert anniversaire de l&#8217;Union Musicale avec la troupe de th\u00e9\u00e2tre Les Escholiers, le samedi 28 juin 2025 \u00e0 Annecy-le-Vieux.<\/p>\n\n\n\n<figure class=\"wp-block-gallery alignfull has-nested-images columns-2 is-cropped wp-block-gallery-1 is-layout-flex wp-block-gallery-is-layout-flex\">\n<figure class=\"wp-block-image size-full is-style-default\"><img loading=\"lazy\" decoding=\"async\" width=\"2560\" height=\"1663\" data-id=\"906\" src=\"https:\/\/umc74.com\/wp-content\/uploads\/2025\/08\/2025-06-27-05-scaled.jpg\" alt=\"\" class=\"wp-image-906\" srcset=\"https:\/\/umc74.com\/wp-content\/uploads\/2025\/08\/2025-06-27-05-scaled.jpg 2560w, https:\/\/umc74.com\/wp-content\/uploads\/2025\/08\/2025-06-27-05-300x195.jpg 300w, https:\/\/umc74.com\/wp-content\/uploads\/2025\/08\/2025-06-27-05-1024x665.jpg 1024w\" sizes=\"auto, (max-width: 2560px) 100vw, 2560px\" \/><\/figure>\n\n\n\n<figure class=\"wp-block-image size-large\"><img decoding=\"async\" data-id=\"918\" src=\"https:\/\/umc74.com\/wp-content\/uploads\/2025\/08\/2025-06-27-51.jpg\" alt=\"\" class=\"wp-image-918\"\/><\/figure>\n\n\n\n<figure class=\"wp-block-image size-large\"><img decoding=\"async\" data-id=\"912\" src=\"https:\/\/umc74.com\/wp-content\/uploads\/2025\/08\/2025-06-28-03.jpg\" alt=\"\" class=\"wp-image-912\"\/><\/figure>\n\n\n\n<figure class=\"wp-block-image size-large\"><img decoding=\"async\" data-id=\"910\" src=\"https:\/\/umc74.com\/wp-content\/uploads\/2025\/08\/2025-06-28-32.jpg\" alt=\"\" class=\"wp-image-910\"\/><\/figure>\n\n\n\n<figure class=\"wp-block-image size-large\"><img decoding=\"async\" data-id=\"911\" src=\"https:\/\/umc74.com\/wp-content\/uploads\/2025\/08\/2025-06-28-2964.jpg\" alt=\"\" class=\"wp-image-911\"\/><\/figure>\n\n\n\n<figure class=\"wp-block-image size-large\"><img decoding=\"async\" data-id=\"913\" src=\"https:\/\/umc74.com\/wp-content\/uploads\/2025\/08\/2025-06-28-2954.jpg\" alt=\"\" class=\"wp-image-913\"\/><\/figure>\n\n\n\n<figure class=\"wp-block-image size-large\"><img decoding=\"async\" data-id=\"915\" src=\"https:\/\/umc74.com\/wp-content\/uploads\/2025\/08\/2025-06-28-2530.jpg\" alt=\"\" class=\"wp-image-915\"\/><\/figure>\n\n\n\n<figure class=\"wp-block-image size-large\"><img loading=\"lazy\" decoding=\"async\" width=\"1024\" height=\"683\" data-id=\"920\" src=\"https:\/\/umc74.com\/wp-content\/uploads\/2025\/08\/2025-06-28-2745-1024x683.jpg\" alt=\"\" class=\"wp-image-920\" srcset=\"https:\/\/umc74.com\/wp-content\/uploads\/2025\/08\/2025-06-28-2745-1024x683.jpg 1024w, https:\/\/umc74.com\/wp-content\/uploads\/2025\/08\/2025-06-28-2745-300x200.jpg 300w, https:\/\/umc74.com\/wp-content\/uploads\/2025\/08\/2025-06-28-2745-768x512.jpg 768w, https:\/\/umc74.com\/wp-content\/uploads\/2025\/08\/2025-06-28-2745-1536x1024.jpg 1536w, https:\/\/umc74.com\/wp-content\/uploads\/2025\/08\/2025-06-28-2745-2048x1365.jpg 2048w\" sizes=\"auto, (max-width: 1024px) 100vw, 1024px\" \/><\/figure>\n\n\n\n<figure class=\"wp-block-image size-full\"><img decoding=\"async\" data-id=\"914\" src=\"https:\/\/umc74.com\/wp-content\/uploads\/2025\/08\/2025-06-28-2626.jpg\" alt=\"\" class=\"wp-image-914\"\/><\/figure>\n\n\n\n<figure class=\"wp-block-image size-large\"><img decoding=\"async\" data-id=\"916\" src=\"https:\/\/umc74.com\/wp-content\/uploads\/2025\/08\/2025-06-28-2500.jpg\" alt=\"\" class=\"wp-image-916\"\/><\/figure>\n\n\n\n<figure class=\"wp-block-image size-large\"><img decoding=\"async\" data-id=\"908\" src=\"https:\/\/umc74.com\/wp-content\/uploads\/2025\/08\/2025-06-28-2844.jpg\" alt=\"\" class=\"wp-image-908\"\/><\/figure>\n\n\n\n<figure class=\"wp-block-image size-large\"><img decoding=\"async\" data-id=\"907\" src=\"https:\/\/umc74.com\/wp-content\/uploads\/2025\/08\/2025-06-28-2827.jpg\" alt=\"\" class=\"wp-image-907\"\/><\/figure>\n\n\n\n<figure class=\"wp-block-image size-large\"><img loading=\"lazy\" decoding=\"async\" width=\"1024\" height=\"437\" data-id=\"919\" src=\"https:\/\/umc74.com\/wp-content\/uploads\/2025\/08\/2025-06-28-2990-1024x437.jpg\" alt=\"\" class=\"wp-image-919\" srcset=\"https:\/\/umc74.com\/wp-content\/uploads\/2025\/08\/2025-06-28-2990-1024x437.jpg 1024w, https:\/\/umc74.com\/wp-content\/uploads\/2025\/08\/2025-06-28-2990-300x128.jpg 300w, https:\/\/umc74.com\/wp-content\/uploads\/2025\/08\/2025-06-28-2990-768x328.jpg 768w, https:\/\/umc74.com\/wp-content\/uploads\/2025\/08\/2025-06-28-2990-1536x656.jpg 1536w, https:\/\/umc74.com\/wp-content\/uploads\/2025\/08\/2025-06-28-2990-2048x874.jpg 2048w\" sizes=\"auto, (max-width: 1024px) 100vw, 1024px\" \/><\/figure>\n\n\n\n<figure class=\"wp-block-image size-full\"><img decoding=\"async\" data-id=\"917\" src=\"https:\/\/umc74.com\/wp-content\/uploads\/2025\/08\/2025-06-28-2998.jpg\" alt=\"\" class=\"wp-image-917\"\/><\/figure>\n\n\n\n<figure class=\"wp-block-image size-large\"><img decoding=\"async\" data-id=\"909\" src=\"https:\/\/umc74.com\/wp-content\/uploads\/2025\/08\/2025-06-28-3216.jpg\" alt=\"\" class=\"wp-image-909\"\/><\/figure>\n<figcaption class=\"blocks-gallery-caption wp-element-caption\">Cr\u00e9dit photos : Andr\u00e9 Lechner<\/figcaption><\/figure>\n","protected":false},"excerpt":{"rendered":"<p>Retour en images sur le Village musical et le concert anniversaire de l&#8217;Union Musicale avec la troupe de th\u00e9\u00e2tre Les Escholiers, le samedi 28 juin 2025 \u00e0 Annecy-le-Vieux.<\/p>\n","protected":false},"author":3,"featured_media":0,"parent":476,"menu_order":0,"comment_status":"closed","ping_status":"closed","template":"","meta":{"_EventAllDay":false,"_EventTimezone":"","_EventStartDate":"","_EventEndDate":"","_EventStartDateUTC":"","_EventEndDateUTC":"","_EventShowMap":false,"_EventShowMapLink":false,"_EventURL":"","_EventCost":"","_EventCostDescription":"","_EventCurrencySymbol":"","_EventCurrencyCode":"","_EventCurrencyPosition":"","_EventDateTimeSeparator":"","_EventTimeRangeSeparator":"","_EventOrganizerID":[],"_EventVenueID":[],"_OrganizerEmail":"","_OrganizerPhone":"","_OrganizerWebsite":"","_VenueAddress":"","_VenueCity":"","_VenueCountry":"","_VenueProvince":"","_VenueState":"","_VenueZip":"","_VenuePhone":"","_VenueURL":"","_VenueStateProvince":"","_VenueLat":"","_VenueLng":"","_VenueShowMap":false,"_VenueShowMapLink":false,"footnotes":""},"class_list":["post-903","page","type-page","status-publish","hentry"],"_links":{"self":[{"href":"https:\/\/umc74.com\/index.php\/wp-json\/wp\/v2\/pages\/903","targetHints":{"allow":["GET"]}}],"collection":[{"href":"https:\/\/umc74.com\/index.php\/wp-json\/wp\/v2\/pages"}],"about":[{"href":"https:\/\/umc74.com\/index.php\/wp-json\/wp\/v2\/types\/page"}],"author":[{"embeddable":true,"href":"https:\/\/umc74.com\/index.php\/wp-json\/wp\/v2\/users\/3"}],"replies":[{"embeddable":true,"href":"https:\/\/umc74.com\/index.php\/wp-json\/wp\/v2\/comments?post=903"}],"version-history":[{"count":7,"href":"https:\/\/umc74.com\/index.php\/wp-json\/wp\/v2\/pages\/903\/revisions"}],"predecessor-version":[{"id":931,"href":"https:\/\/umc74.com\/index.php\/wp-json\/wp\/v2\/pages\/903\/revisions\/931"}],"up":[{"embeddable":true,"href":"https:\/\/umc74.com\/index.php\/wp-json\/wp\/v2\/pages\/476"}],"wp:attachment":[{"href":"https:\/\/umc74.com\/index.php\/wp-json\/wp\/v2\/media?parent=903"}],"curies":[{"name":"wp","href":"https:\/\/api.w.org\/{rel}","templated":true}]}}