{"id":30,"date":"2024-06-30T19:17:20","date_gmt":"2024-06-30T17:17:20","guid":{"rendered":"http:\/\/umc74.com\/?page_id=30"},"modified":"2025-10-20T12:22:55","modified_gmt":"2025-10-20T10:22:55","slug":"lorchestre-actuel","status":"publish","type":"page","link":"https:\/\/umc74.com\/index.php\/bienvenue-sur-le-site-de-lunion-musicale-de-cran\/lorchestre-actuel\/","title":{"rendered":"L&#8217;orchestre actuel"},"content":{"rendered":"\n<p>L&#8217;harmonie est un&nbsp;<strong>orchestre \u00e0 vent<\/strong>, qui regroupe les instruments de la<strong>&nbsp;famille des bois,&nbsp;<\/strong>de la<strong>&nbsp;famille des cuivres&nbsp;<\/strong>et les<strong>&nbsp;percussions<\/strong>. Elle compte environ une quarantaine de musiciens amateurs et se produit lors de manifestations comm\u00e9moratives et culturelles, ainsi que pour des concerts, seule ou en collaboration avec d&#8217;autres entit\u00e9s associatives et culturelles.<\/p>\n\n\n\n<p>Son r\u00e9pertoire est vari\u00e9, allant de la composition pour orchestre d&#8217;harmonie \u00e0 celle de musiques de film, en passant par le style classique.<\/p>\n\n\n\n<div style=\"height:19px\" aria-hidden=\"true\" class=\"wp-block-spacer\"><\/div>\n\n\n\n<p>Depuis 2019, l&#8217;UMC est dirig\u00e9e par \u00c9douard Jannin.<\/p>\n\n\n\n<p>Le pr\u00e9sident de l&#8217;association est Laurent Tabourot.<\/p>\n\n\n\n<p>L&#8217;UMC fait partie de la <a href=\"https:\/\/umc74.com\/index.php\/federation-musicale-du-genevois\/\" data-type=\"link\" data-id=\"https:\/\/umc74.com\/index.php\/federation-musicale-du-genevois\/\">F\u00e9d\u00e9ration des musiques du Genevois<\/a>.<\/p>\n\n\n\n<div style=\"height:19px\" aria-hidden=\"true\" class=\"wp-block-spacer\"><\/div>\n\n\n\n<h3 class=\"wp-block-heading\">Adh\u00e9sion et Participation<\/h3>\n\n\n\n<div style=\"height:20px\" aria-hidden=\"true\" class=\"wp-block-spacer\"><\/div>\n\n\n\n<ul class=\"wp-block-list\">\n<li><strong>Recrutement<\/strong> : L&#8217;UMC est ouverte \u00e0 tous les musiciens, quel que soit leur niveau. Elle encourage la participation des jeunes et des moins jeunes \u00e0 rejoindre ses rangs pour partager l&#8217;exp\u00e9rience de la musique d&#8217;ensemble et ce tout au long de l&#8217;ann\u00e9e.<\/li>\n\n\n\n<li><strong>Engagement B\u00e9n\u00e9vole<\/strong> : Comme beaucoup d&#8217;associations, l&#8217;UMC repose sur l&#8217;engagement b\u00e9n\u00e9vole de ses membres pour l&#8217;organisation et la gestion des activit\u00e9s.<\/li>\n<\/ul>\n\n\n\n<div style=\"height:20px\" aria-hidden=\"true\" class=\"wp-block-spacer\"><\/div>\n\n\n\n<p><\/p>\n\n\n\n<h3 class=\"wp-block-heading\">Informations pratiques<\/h3>\n\n\n\n<div style=\"height:20px\" aria-hidden=\"true\" class=\"wp-block-spacer\"><\/div>\n\n\n\n<p><strong>R\u00e9p\u00e9titions tous les vendredis soirs de 20h30 \u00e0 22h30<\/strong> \u00e0 l&#8217;espace des Forges de Cran-Gevrier<\/p>\n\n\n\n<p>Adresse : 72 avenue de la R\u00e9publique, Cran-Gevrier 74960 ANNECY<\/p>\n\n\n\n<p>T\u00e9l\u00e9phone : <a href=\"tel:06 33 51 13 10\">06 08 62 10 82<\/a><\/p>\n\n\n\n<p>m\u00e9l : webmaster@umc74.com<\/p>\n\n\n\n<div style=\"height:20px\" aria-hidden=\"true\" class=\"wp-block-spacer\"><\/div>\n\n\n\n<figure class=\"wp-block-image size-full\"><img loading=\"lazy\" decoding=\"async\" width=\"2560\" height=\"1696\" src=\"https:\/\/umc74.com\/wp-content\/uploads\/2024\/08\/IMGP9189-scaled.jpg\" alt=\"\" class=\"wp-image-392\" srcset=\"https:\/\/umc74.com\/wp-content\/uploads\/2024\/08\/IMGP9189-scaled.jpg 2560w, https:\/\/umc74.com\/wp-content\/uploads\/2024\/08\/IMGP9189-300x199.jpg 300w, https:\/\/umc74.com\/wp-content\/uploads\/2024\/08\/IMGP9189-1024x678.jpg 1024w, https:\/\/umc74.com\/wp-content\/uploads\/2024\/08\/IMGP9189-768x509.jpg 768w, https:\/\/umc74.com\/wp-content\/uploads\/2024\/08\/IMGP9189-1536x1017.jpg 1536w, https:\/\/umc74.com\/wp-content\/uploads\/2024\/08\/IMGP9189-2048x1356.jpg 2048w\" sizes=\"auto, (max-width: 2560px) 100vw, 2560px\" \/><\/figure>\n\n\n\n<figure class=\"wp-block-image size-large\"><img loading=\"lazy\" decoding=\"async\" width=\"1024\" height=\"678\" src=\"https:\/\/umc74.com\/wp-content\/uploads\/2024\/08\/UMC_Concert-Sainte-Cecile-2022-3-1024x678.jpg\" alt=\"\" class=\"wp-image-393\" srcset=\"https:\/\/umc74.com\/wp-content\/uploads\/2024\/08\/UMC_Concert-Sainte-Cecile-2022-3-1024x678.jpg 1024w, https:\/\/umc74.com\/wp-content\/uploads\/2024\/08\/UMC_Concert-Sainte-Cecile-2022-3-300x199.jpg 300w, https:\/\/umc74.com\/wp-content\/uploads\/2024\/08\/UMC_Concert-Sainte-Cecile-2022-3-768x509.jpg 768w, https:\/\/umc74.com\/wp-content\/uploads\/2024\/08\/UMC_Concert-Sainte-Cecile-2022-3-1536x1017.jpg 1536w, https:\/\/umc74.com\/wp-content\/uploads\/2024\/08\/UMC_Concert-Sainte-Cecile-2022-3-2048x1356.jpg 2048w\" sizes=\"auto, (max-width: 1024px) 100vw, 1024px\" \/><\/figure>\n\n\n\n<p><\/p>\n","protected":false},"excerpt":{"rendered":"<p>L&#8217;harmonie est un&nbsp;orchestre \u00e0 vent, qui regroupe les instruments de la&nbsp;famille des bois,&nbsp;de la&nbsp;famille des cuivres&nbsp;et les&nbsp;percussions. Elle compte environ une quarantaine de musiciens amateurs et se produit lors de [&hellip;]<\/p>\n","protected":false},"author":2,"featured_media":0,"parent":14,"menu_order":2,"comment_status":"closed","ping_status":"closed","template":"","meta":{"_EventAllDay":false,"_EventTimezone":"","_EventStartDate":"","_EventEndDate":"","_EventStartDateUTC":"","_EventEndDateUTC":"","_EventShowMap":false,"_EventShowMapLink":false,"_EventURL":"","_EventCost":"","_EventCostDescription":"","_EventCurrencySymbol":"","_EventCurrencyCode":"","_EventCurrencyPosition":"","_EventDateTimeSeparator":"","_EventTimeRangeSeparator":"","_EventOrganizerID":[],"_EventVenueID":[],"_OrganizerEmail":"","_OrganizerPhone":"","_OrganizerWebsite":"","_VenueAddress":"","_VenueCity":"","_VenueCountry":"","_VenueProvince":"","_VenueState":"","_VenueZip":"","_VenuePhone":"","_VenueURL":"","_VenueStateProvince":"","_VenueLat":"","_VenueLng":"","_VenueShowMap":false,"_VenueShowMapLink":false,"footnotes":""},"class_list":["post-30","page","type-page","status-publish","hentry"],"_links":{"self":[{"href":"https:\/\/umc74.com\/index.php\/wp-json\/wp\/v2\/pages\/30","targetHints":{"allow":["GET"]}}],"collection":[{"href":"https:\/\/umc74.com\/index.php\/wp-json\/wp\/v2\/pages"}],"about":[{"href":"https:\/\/umc74.com\/index.php\/wp-json\/wp\/v2\/types\/page"}],"author":[{"embeddable":true,"href":"https:\/\/umc74.com\/index.php\/wp-json\/wp\/v2\/users\/2"}],"replies":[{"embeddable":true,"href":"https:\/\/umc74.com\/index.php\/wp-json\/wp\/v2\/comments?post=30"}],"version-history":[{"count":16,"href":"https:\/\/umc74.com\/index.php\/wp-json\/wp\/v2\/pages\/30\/revisions"}],"predecessor-version":[{"id":1017,"href":"https:\/\/umc74.com\/index.php\/wp-json\/wp\/v2\/pages\/30\/revisions\/1017"}],"up":[{"embeddable":true,"href":"https:\/\/umc74.com\/index.php\/wp-json\/wp\/v2\/pages\/14"}],"wp:attachment":[{"href":"https:\/\/umc74.com\/index.php\/wp-json\/wp\/v2\/media?parent=30"}],"curies":[{"name":"wp","href":"https:\/\/api.w.org\/{rel}","templated":true}]}}