{"id":159,"date":"2024-08-20T13:14:16","date_gmt":"2024-08-20T11:14:16","guid":{"rendered":"https:\/\/umc74.com\/?page_id=159"},"modified":"2025-08-22T12:50:00","modified_gmt":"2025-08-22T10:50:00","slug":"cabaret-2019","status":"publish","type":"page","link":"https:\/\/umc74.com\/index.php\/projets\/archives\/cabaret-2019\/","title":{"rendered":"Cabaret &#8211; 2019"},"content":{"rendered":"\n<p><em>Repr\u00e9sentations le 25 mai et le 15 juin 2019.<\/em><\/p>\n\n\n\n<p><\/p>\n\n\n\n<p>The <em>UMC Live Show &#8211; Cabaret <\/em>est un spectacle qui m\u00eale Musique, Magie, Chant et Sketches !<\/p>\n\n\n\n<p>Avec le magicien Robin Deville.<br><\/p>\n\n\n\n<p><br>Et la participation du groupe musical H\u00e9l\u00e9jy : Jean Boutry, H\u00e9l\u00e8ne Weissenbacher, Delphine Grosserie, Ludovic Thirvaudey<\/p>\n\n\n\n<figure class=\"wp-block-image size-full\"><img loading=\"lazy\" decoding=\"async\" width=\"426\" height=\"600\" src=\"https:\/\/umc74.com\/wp-content\/uploads\/2024\/08\/Cabaret-2019.jpg\" alt=\"\" class=\"wp-image-164\" srcset=\"https:\/\/umc74.com\/wp-content\/uploads\/2024\/08\/Cabaret-2019.jpg 426w, https:\/\/umc74.com\/wp-content\/uploads\/2024\/08\/Cabaret-2019-213x300.jpg 213w\" sizes=\"auto, (max-width: 426px) 100vw, 426px\" \/><\/figure>\n\n\n\n<figure class=\"wp-block-gallery alignwide has-nested-images columns-2 is-cropped wp-block-gallery-1 is-layout-flex wp-block-gallery-is-layout-flex\">\n<figure class=\"wp-block-image size-large\"><img loading=\"lazy\" decoding=\"async\" width=\"960\" height=\"640\" data-id=\"403\" src=\"https:\/\/umc74.com\/wp-content\/uploads\/2024\/09\/UMC-Cabaret-2019-1.jpg\" alt=\"\" class=\"wp-image-403\" srcset=\"https:\/\/umc74.com\/wp-content\/uploads\/2024\/09\/UMC-Cabaret-2019-1.jpg 960w, https:\/\/umc74.com\/wp-content\/uploads\/2024\/09\/UMC-Cabaret-2019-1-300x200.jpg 300w, https:\/\/umc74.com\/wp-content\/uploads\/2024\/09\/UMC-Cabaret-2019-1-768x512.jpg 768w\" sizes=\"auto, (max-width: 960px) 100vw, 960px\" \/><\/figure>\n\n\n\n<figure class=\"wp-block-image size-large\"><img loading=\"lazy\" decoding=\"async\" width=\"640\" height=\"960\" data-id=\"405\" src=\"https:\/\/umc74.com\/wp-content\/uploads\/2024\/09\/UMC-Cabaret-2019-2.jpg\" alt=\"\" class=\"wp-image-405\" srcset=\"https:\/\/umc74.com\/wp-content\/uploads\/2024\/09\/UMC-Cabaret-2019-2.jpg 640w, https:\/\/umc74.com\/wp-content\/uploads\/2024\/09\/UMC-Cabaret-2019-2-200x300.jpg 200w\" sizes=\"auto, (max-width: 640px) 100vw, 640px\" \/><\/figure>\n\n\n\n<figure class=\"wp-block-image size-large\"><img loading=\"lazy\" decoding=\"async\" width=\"1024\" height=\"683\" data-id=\"406\" src=\"https:\/\/umc74.com\/wp-content\/uploads\/2024\/09\/UMC-Cabaret-2019-3-1024x683.jpg\" alt=\"\" class=\"wp-image-406\" srcset=\"https:\/\/umc74.com\/wp-content\/uploads\/2024\/09\/UMC-Cabaret-2019-3-1024x683.jpg 1024w, https:\/\/umc74.com\/wp-content\/uploads\/2024\/09\/UMC-Cabaret-2019-3-300x200.jpg 300w, https:\/\/umc74.com\/wp-content\/uploads\/2024\/09\/UMC-Cabaret-2019-3-768x512.jpg 768w, https:\/\/umc74.com\/wp-content\/uploads\/2024\/09\/UMC-Cabaret-2019-3-1536x1024.jpg 1536w, https:\/\/umc74.com\/wp-content\/uploads\/2024\/09\/UMC-Cabaret-2019-3.jpg 2048w\" sizes=\"auto, (max-width: 1024px) 100vw, 1024px\" \/><\/figure>\n\n\n\n<figure class=\"wp-block-image size-large\"><img loading=\"lazy\" decoding=\"async\" width=\"1024\" height=\"683\" data-id=\"407\" src=\"https:\/\/umc74.com\/wp-content\/uploads\/2024\/09\/UMC-Cabaret-2019-4-1024x683.jpg\" alt=\"\" class=\"wp-image-407\" srcset=\"https:\/\/umc74.com\/wp-content\/uploads\/2024\/09\/UMC-Cabaret-2019-4-1024x683.jpg 1024w, https:\/\/umc74.com\/wp-content\/uploads\/2024\/09\/UMC-Cabaret-2019-4-300x200.jpg 300w, https:\/\/umc74.com\/wp-content\/uploads\/2024\/09\/UMC-Cabaret-2019-4-768x512.jpg 768w, https:\/\/umc74.com\/wp-content\/uploads\/2024\/09\/UMC-Cabaret-2019-4-1536x1024.jpg 1536w, https:\/\/umc74.com\/wp-content\/uploads\/2024\/09\/UMC-Cabaret-2019-4.jpg 2048w\" sizes=\"auto, (max-width: 1024px) 100vw, 1024px\" \/><\/figure>\n\n\n\n<figure class=\"wp-block-image size-large\"><img loading=\"lazy\" decoding=\"async\" width=\"1024\" height=\"683\" data-id=\"408\" src=\"https:\/\/umc74.com\/wp-content\/uploads\/2024\/09\/UMC-Cabaret-2019-5-1024x683.jpg\" alt=\"\" class=\"wp-image-408\" srcset=\"https:\/\/umc74.com\/wp-content\/uploads\/2024\/09\/UMC-Cabaret-2019-5-1024x683.jpg 1024w, https:\/\/umc74.com\/wp-content\/uploads\/2024\/09\/UMC-Cabaret-2019-5-300x200.jpg 300w, https:\/\/umc74.com\/wp-content\/uploads\/2024\/09\/UMC-Cabaret-2019-5-768x512.jpg 768w, https:\/\/umc74.com\/wp-content\/uploads\/2024\/09\/UMC-Cabaret-2019-5-1536x1024.jpg 1536w, https:\/\/umc74.com\/wp-content\/uploads\/2024\/09\/UMC-Cabaret-2019-5.jpg 2048w\" sizes=\"auto, (max-width: 1024px) 100vw, 1024px\" \/><\/figure>\n\n\n\n<figure class=\"wp-block-image size-large\"><img loading=\"lazy\" decoding=\"async\" width=\"960\" height=\"960\" data-id=\"409\" src=\"https:\/\/umc74.com\/wp-content\/uploads\/2024\/09\/UMC-Cabaret-2019-6.jpg\" alt=\"\" class=\"wp-image-409\" srcset=\"https:\/\/umc74.com\/wp-content\/uploads\/2024\/09\/UMC-Cabaret-2019-6.jpg 960w, https:\/\/umc74.com\/wp-content\/uploads\/2024\/09\/UMC-Cabaret-2019-6-300x300.jpg 300w, https:\/\/umc74.com\/wp-content\/uploads\/2024\/09\/UMC-Cabaret-2019-6-150x150.jpg 150w, https:\/\/umc74.com\/wp-content\/uploads\/2024\/09\/UMC-Cabaret-2019-6-768x768.jpg 768w\" sizes=\"auto, (max-width: 960px) 100vw, 960px\" \/><\/figure>\n\n\n\n<figure class=\"wp-block-image size-large\"><img loading=\"lazy\" decoding=\"async\" width=\"1024\" height=\"377\" data-id=\"404\" src=\"https:\/\/umc74.com\/wp-content\/uploads\/2024\/09\/UMC-Cabaret-2019-1-1024x377.png\" alt=\"\" class=\"wp-image-404\" srcset=\"https:\/\/umc74.com\/wp-content\/uploads\/2024\/09\/UMC-Cabaret-2019-1-1024x377.png 1024w, https:\/\/umc74.com\/wp-content\/uploads\/2024\/09\/UMC-Cabaret-2019-1-300x111.png 300w, https:\/\/umc74.com\/wp-content\/uploads\/2024\/09\/UMC-Cabaret-2019-1-768x283.png 768w, https:\/\/umc74.com\/wp-content\/uploads\/2024\/09\/UMC-Cabaret-2019-1-1536x566.png 1536w, https:\/\/umc74.com\/wp-content\/uploads\/2024\/09\/UMC-Cabaret-2019-1-2048x755.png 2048w\" sizes=\"auto, (max-width: 1024px) 100vw, 1024px\" \/><\/figure>\n<\/figure>\n","protected":false},"excerpt":{"rendered":"<p>Repr\u00e9sentations le 25 mai et le 15 juin 2019. The UMC Live Show &#8211; Cabaret est un spectacle qui m\u00eale Musique, Magie, Chant et Sketches ! Avec le magicien Robin [&hellip;]<\/p>\n","protected":false},"author":3,"featured_media":0,"parent":155,"menu_order":1,"comment_status":"closed","ping_status":"closed","template":"","meta":{"_EventAllDay":false,"_EventTimezone":"","_EventStartDate":"","_EventEndDate":"","_EventStartDateUTC":"","_EventEndDateUTC":"","_EventShowMap":false,"_EventShowMapLink":false,"_EventURL":"","_EventCost":"","_EventCostDescription":"","_EventCurrencySymbol":"","_EventCurrencyCode":"","_EventCurrencyPosition":"","_EventDateTimeSeparator":"","_EventTimeRangeSeparator":"","_EventOrganizerID":[],"_EventVenueID":[],"_OrganizerEmail":"","_OrganizerPhone":"","_OrganizerWebsite":"","_VenueAddress":"","_VenueCity":"","_VenueCountry":"","_VenueProvince":"","_VenueState":"","_VenueZip":"","_VenuePhone":"","_VenueURL":"","_VenueStateProvince":"","_VenueLat":"","_VenueLng":"","_VenueShowMap":false,"_VenueShowMapLink":false,"footnotes":""},"class_list":["post-159","page","type-page","status-publish","hentry"],"_links":{"self":[{"href":"https:\/\/umc74.com\/index.php\/wp-json\/wp\/v2\/pages\/159","targetHints":{"allow":["GET"]}}],"collection":[{"href":"https:\/\/umc74.com\/index.php\/wp-json\/wp\/v2\/pages"}],"about":[{"href":"https:\/\/umc74.com\/index.php\/wp-json\/wp\/v2\/types\/page"}],"author":[{"embeddable":true,"href":"https:\/\/umc74.com\/index.php\/wp-json\/wp\/v2\/users\/3"}],"replies":[{"embeddable":true,"href":"https:\/\/umc74.com\/index.php\/wp-json\/wp\/v2\/comments?post=159"}],"version-history":[{"count":5,"href":"https:\/\/umc74.com\/index.php\/wp-json\/wp\/v2\/pages\/159\/revisions"}],"predecessor-version":[{"id":965,"href":"https:\/\/umc74.com\/index.php\/wp-json\/wp\/v2\/pages\/159\/revisions\/965"}],"up":[{"embeddable":true,"href":"https:\/\/umc74.com\/index.php\/wp-json\/wp\/v2\/pages\/155"}],"wp:attachment":[{"href":"https:\/\/umc74.com\/index.php\/wp-json\/wp\/v2\/media?parent=159"}],"curies":[{"name":"wp","href":"https:\/\/api.w.org\/{rel}","templated":true}]}}